e 1776?
True
Does 193 divide 14475?
True
Does 33 divide 24749?
False
Does 243 divide 63423?
True
Does 12 divide 252?
True
Does 39 divide 444?
False
Is 3 a factor of 1525?
False
Is 35 a factor of 3115?
True
Is 562 a multiple of 2?
True
Does 18 divide 990?
True
Does 22 divide 1144?
True
Is 97 a factor of 21922?
True
Is 49934 a multiple of 101?
False
Is 123 a multiple of 115?
False
Is 177 a multiple of 3?
True
Is 14 a factor of 553?
False
Is 38 a factor of 1445?
False
Does 28 divide 364?
True
Is 651 a multiple of 23?
False
Is 11 a factor of 7041?
False
Is 1593 a multiple of 27?
True
Is 228 a multiple of 13?
False
Does 18 divide 144?
True
Is 8688 a multiple of 12?
True
Is 4047 a multiple of 71?
True
Does 38 divide 68?
False
Is 58 a multiple of 5?
False
Is 42075 a multiple of 153?
True
Does 13 divide 11391?
False
Does 24 divide 120?
True
Is 13979 a multiple of 69?
False
Is 98 a factor of 1323?
False
Does 6 divide 105?
False
Is 5168 a multiple of 76?
True
Does 31 divide 3162?
True
Is 26 a factor of 18096?
True
Is 44 a factor of 1540?
True
Is 118 a factor of 23836?
True
Does 18 divide 5004?
True
Is 34 a factor of 13396?
True
Does 4 divide 845?
False
Does 34 divide 7684?
True
Does 56 divide 13888?
True
Does 16 divide 2592?
True
Does 3 divide 188?
False
Is 580 a multiple of 20?
True
Is 33622 a multiple of 167?
False
Is 26 a factor of 5133?
False
Is 20 a factor of 328?
False
Is 13388 a multiple of 14?
False
Does 8 divide 255?
False
Does 135 divide 13448?
False
Is 11 a factor of 62555?
False
Is 14 a factor of 482?
False
Does 59 divide 882?
False
Is 496 a multiple of 16?
True
Does 49 divide 1916?
False
Is 15 a factor of 1410?
True
Does 27 divide 1026?
True
Does 35 divide 875?
True
Does 68 divide 4488?
True
Is 24 a factor of 38808?
True
Is 6 a factor of 188?
False
Does 79 divide 1343?
True
Does 19 divide 6935?
True
Is 59405 a multiple of 52?
False
Is 10 a factor of 1384?
False
Is 6299 a multiple of 27?
False
Is 61 a factor of 7930?
True
Is 15 a factor of 155?
False
Is 24 a factor of 31272?
True
Is 36 a factor of 38859?
False
Does 53 divide 318?
True
Is 171 a multiple of 4?
False
Is 46 a factor of 14858?
True
Is 41 a factor of 169?
False
Is 987 a multiple of 7?
True
Does 23 divide 18124?
True
Is 133 a multiple of 7?
True
Does 43 divide 32448?
False
Does 23 divide 2438?
True
Is 208 a multiple of 13?
True
Is 10710 a multiple of 119?
True
Does 62 divide 6882?
True
Does 11 divide 8322?
False
Does 116 divide 2693?
False
Is 7 a factor of 1477?
True
Is 22 a factor of 4554?
True
Is 3 a factor of 96?
True
Is 110 a multiple of 4?
False
Is 6 a factor of 696?
True
Does 51 divide 23307?
True
Is 9553 a multiple of 54?
False
Is 132517 a multiple of 35?
False
Is 884 a multiple of 17?
True
Is 63 a multiple of 15?
False
Is 57 a factor of 17467?
False
Is 623 a multiple of 44?
False
Does 9 divide 6201?
True
Does 73 divide 66954?
False
Is 8268 a multiple of 78?
True
Is 10746 a multiple of 17?
False
Is 11 a factor of 5258?
True
Is 16 a factor of 3552?
True
Is 394 a multiple of 27?
False
Does 285 divide 124545?
True
Is 207 a factor of 123476?
False
Does 12 divide 180?
True
Does 33 divide 2015?
False
Does 88 divide 8184?
True
Is 9021 a multiple of 47?
False
Is 94 a factor of 3854?
True
Does 29 divide 18952?
False
Does 31 divide 2790?
True
Does 9 divide 5694?
False
Does 4 divide 40044?
True
Is 10 a factor of 5079?
False
Is 1760 a multiple of 68?
False
Is 24 a factor of 5167?
False
Is 22 a factor of 25256?
True
Is 21 a factor of 15091?
False
Is 16908 a multiple of 12?
True
Does 3 divide 141?
True
Is 27 a factor of 1215?
True
Is 16091 a multiple of 20?
False
Is 15 a factor of 16605?
True
Is 825 a multiple of 72?
False
Is 14 a factor of 6262?
False
Is 123 a factor of 7749?
True
Does 4 divide 6856?
True
Is 3 a factor of 1116?
True
Does 40 divide 14680?
True
Is 24 a factor of 8514?
False
Is 110545 a multiple of 16?
False
Does 21 divide 4809?
True
Does 73 divide 3783?
False
Does 11 divide 440?
True
Does 5 divide 232?
False
Is 23 a factor of 3084?
False
Does 60 divide 900?
True
Does 35 divide 28012?
False
Is 9 a factor of 117?
True
Does 50 divide 7400?
True
Is 60 a factor of 2100?
True
Is 7 a factor of 10704?
False
Is 21 a factor of 119?
False
Does 11 divide 682?
True
Is 46 a factor of 5570?
False
Does 44 divide 1943?
False
Does 2 divide 869?
False
Is 4 a factor of 442?
False
Does 10 divide 58760?
True
Is 19 a factor of 17803?
True
Does 21 divide 189?
True
Is 15 a factor of 17008?
False
Is 2 a factor of 285?
False
Is 47 a factor of 3995?
True
Does 9 divide 877?
False
Does 21 divide 363?
False
Is 479 a factor of 33051?
True
Is 51 a factor of 449?
False
Does 64 divide 4416?
True
Is 25 a factor of 16750?
True
Is 47 a factor of 2989?
False
Does 34 divide 3589?
False
Is 162 even?
True
Does 73 divide 3258?
False
Is 65 a factor of 40820?
True
Is 3467 a multiple of 75?
False
Is 34 a multiple of 4?
False
Is 731 a multiple of 46?
False
Is 31 a factor of 1804?
False
Is 1457 a multiple of 19?
False
Does 13 divide 81875?
False
Does 8 divide 15560?
True
Is 16528 a multiple of 55?
False
Is 38 a factor of 18897?
False
Does 8 divide 246?
False
Does 33 divide 3182?
False
Is 43 a factor of 3010?
True
Does 14 divide 21174?
False
Is 7958 a multiple of 46?
True
Is 20 a factor of 1520?
True
Is 140 a multiple of 4?
True
Does 10 divide 2114?
False
Is 292 a multiple of 12?
False
Does 50 divide 7000?
True
Is 7119 a multiple of 82?
False
Is 53 a factor of 1219?
True
Does 12 divide 4687?
False
Is 84 a factor of 25704?
True
Is 13 a factor of 584?
False
Is 7 a factor of 1174?
False
Is 1813 a multiple of 8?
False
Does 5 divide 1045?
True
Is 3984 a multiple of 23?
False
Does 13 divide 11268?
False
Is 10 a factor of 710?
True
Is 858 a multiple of 69?
False
Is 3020 a multiple of 20?
True
Is 13794 a multiple of 19?
True
Does 3 divide 1261?
False
Is 27 a factor of 648?
True
Is 315 a multiple of 45?
True
Is 341 a factor of 67658?
False
Is 8 a factor of 3313?
False
Does 65 divide 1690?
True
Is 6 a factor of 11502?
True
Does 129 divide 13545?
True
Is 139392 a multiple of 396?
True
Does 11 divide 4312?
True
Is 6336 a multiple of 96?
True
Is 302 a factor of 30832?
False
Is 30 a factor of 4140?
True
Is 432 a multiple of 8?
True
Is 27 a factor of 133995?
False
Is 38 a factor of 672?
False
Is 23 a factor of 96186?
True
Is 65978 a multiple of 14?
False
Is 12 a factor of 710?
False
Is 3998 a multiple of 12?
False
Is 301 a multiple of 79?
False
Is 11 a multiple of 7?
False
Is 197 a multiple of 17?
False
Does 7 divide 781?
False
Is 15 a factor of 9165?
True
Does 21 divide 182?
False
Is 12861 a multiple of 14?
False
Is 50 a factor of 1800?
True
Does 44 divide 375?
False
Is 32 a factor of 53?
False
Does 61 divide 7578?
False
Does 2 divide 85?
False
Is 66 a factor of 132?
True
Is 25 a multiple of 25?
True
Does 83 divide 5760?
False
Does 2 divide 306?
True
Does 6 divide 366?
True
Is 31 a factor of 1302?
True
Is 128 a factor of 6528?
True
Is 12 a factor of 479?
False
Is 42 a factor of 17766?
True
Is 33 a factor of 19404?
True
Is 30164 a multiple of 27?
False
Is 114 a multiple of 4?
False
Does 40 divide 6274?
False
Does 100 divide 1200?
True
Does 30 divide 2011?
False
Does 21 divide 13325?
False
Is 15485 a multiple of 32?
False
Is 34 a factor of 16456?
True
Is 45 a factor of 15786?
False
Does 16 divide 3456?
True
Does 11 divide 48381?
False
Is 11 a factor of 7447?
True
Does 7 divide 1342?
False
Does 107 divide 8093?
False
Is 115 a multiple of 9?
False
Is 2 a factor of 952?
True
Does 30 divide 1260?
True
Is 12 a factor of 1044?
True
Is 18 a factor of 13050?
True
Is 10960 a multiple of 80?
True
Does 12 divide 8280?
True
Is 4 a factor of 548?
True
Does 143 divide 21021?
True
Is 504 a multiple of 28?
True
Is 27 a factor of 702?
True
Is 527 a multiple of 10?
False
Is 20 a factor of 48866?
False
Is 3671 a multiple of 40?
False
Does 94 divide 2898?
False
Is 20 a factor of 59975?
False
Is 29065 a multiple of 43?
False
Is 10 a factor of 3164?
False
Does 13 divide 286?
True
Is 26 a multiple of 2?
True
Does 5 divide 25?
True
Is 4 a factor of 10748?
True
Is 3668 a multiple of 36?
False
Does 84 divide 3093?
False
Does 125 divide 11525?
False
Is 15 a factor of 2070?
True
Does 56 divide 14753?
False
Is 288 a multiple of 18?
True
Is 60 a multiple of 6?
